the prime factors of g(-1)?
2
Let n(l) = -l**3 + 17. List the prime factors of n(0).
17
Let j(u) = u**3 - 8*u**2 - 8*u + 9. Let t be j(9). Let q = 30 - t. List the prime factors of q.
2, 3
Suppose 1 - 5 = 4*w. Let c(s) = -30*s**3 - s**2 - 2*s - 1. Let a be c(w). Suppose -30 = -t + 4*n, 4*t = -0*t - 2*n + a. What are the prime factors of t?
2, 5
Let a(p) = -4*p**3 - 3*p**2 - 4*p - 2. Let j be a(-2). Let o = -30 + 66. Let z = o - j. List the prime factors of z.
2, 5
Let t be (-65)/(-9) - 4/18. Suppose 0 = -4*n + 5*v - 10, 4*n + 3*v - t = -1. Suppose -2*r + 2*k + 12 = n, -k - 11 = -3*r + 7. What are the prime factors of r?
2, 3
Let a(p) = -3*p - 24. What are the prime factors of a(-20)?
2, 3
Let h be ((-4)/(-12))/(1/18). Let z(g) = g**3 - 7*g**2 + 9*g - 3. What are the prime factors of z(h)?
3, 5
Suppose -2*c + 241 = -69. List the prime factors of c.
5, 31
Let d(a) = -a**3 - a**2 - 2*a + 1. Let w be d(-2). Let t = -5 + w. Suppose 3*u = 5*h - 37, t*h - h - 5*u - 19 = 0. What are the prime factors of h?
2
Let s = 61 + -27. List the prime factors of s.
2, 17
Suppose 0 = 9*s - 6*s. Suppose 52 = 4*x - s*x. List the prime factors of x.
13
Suppose 706 = 4*z - 0*v - 2*v, 2*z - 5*v = 341. What are the prime factors of z?
2, 89
Let i(x) = -x**3 + 8*x**2 - 7*x + 2. What are the prime factors of i(7)?
2
List the prime factors of 1/(-1) - (-40 + 0).
3, 13
Suppose -5*y + 317 = 3*a, 8*y - 3*y - a - 321 = 0. List the prime factors of y.
2
Let g = 27 + -9. List the prime factors of g.
2, 3
Let g(f) be the first derivative of -f**2/2 - 3*f - 2. Let q be (-2)/7 - (-80)/(-14). What are the prime factors of g(q)?
3
List the prime factors of 12/18 + ((-7408)/(-12))/4.
5, 31
Suppose -61 = -q + 3*a, -2*a + 82 = 2*q - 0*a. What are the prime factors of q?
2, 23
Suppose 99 = 2*o - j, 4*o - 3*j - 115 = 88. Let n be (-605)/20 + (-2)/(-8). Let k = n + o. List the prime factors of k.
17
What are the prime factors of -1 + (-18)/15*(-200)/3?
79
What are the prime factors of 1 + 11/(11/6)?
7
List the prime factors of (-3)/(-4) - (-1341)/36.
2, 19
Suppose -29 = 2*l - 125. What are the prime factors of l?
2, 3
List the prime factors of (-154 - 0)*2/(-4).
7, 11
Let h(u) = u**3 + 6*u**2 + 6*u + 6. Let k be h(-5). Let g(z) = -5 + 4*z + 4 + 2. List the prime factors of g(k).
5
Let a = 442 + -276. List the prime factors of a.
2, 83
Let v(o) = -o**3 + 4*o**2 - o. Let k be v(3). Suppose -k*q + 15 = -3*q. Suppose -52 = -q*s + 18. What are the prime factors of s?
2, 7
Let i(x) = -x - 4. List the prime factors of i(-13).
3
What are the prime factors of 2 - ((-491)/4 + (-6)/24)?
5
Let s(f) = 12*f**2 - 3*f. Let t be s(2). Let i = -65 + 111. Suppose 4*y + 3*l = t, 7*y - 4*y - 5*l = i. List the prime factors of y.
2, 3
List the prime factors of 2796/84 + (-2)/7.
3, 11
Let y = 6 - -5. What are the prime factors of (1 - 2)/((-1)/y)?
11
Let k(j) = -j**3 + 4*j**2 - j - 2. Let s be k(3). Suppose -q = -2*q + s. What are the prime factors of q?
2
What are the prime factors of 130/18 + 14/(-63)?
7
Suppose -2*m + 44 = -0*m. Let u(b) = m*b**3 - 17*b**3 - 21*b**3. What are the prime factors of u(-1)?
2
Let j(m) = -m**3 - 3*m**2 + 4*m + 2. Let c be j(-4). Suppose c*k - 90 = -3*k. List the prime factors of k.
2, 3
Let d(b) = -18*b**3 - 5*b**2 + 4*b + 1. Let h(x) = x**3 + x**2 - 2*x - 5*x + 2*x + 4*x. Let g(i) = -d(i) - 5*h(i). What are the prime factors of g(1)?
13
Suppose 3*c - 88 = c. What are the prime factors of c?
2, 11
Let p(t) = -6*t - 7. Let n(h) = h + 1. Let w(d) = -5*n(d) - p(d). List the prime factors of w(10).
2, 3
Let o(a) = a - 2. Suppose -4*s - 19 = 5*k - 1, 5*s + 2*k + 14 = 0. Let n be o(s). Let y = 8 + n. List the prime factors of y.
2
Suppose 0 = -7*f + 2*f + 1170. What are the prime factors of f?
2, 3, 13
Suppose -2*x = -3*k - 14, -3*k + 0 - 6 = 0. Let z = x - 3. Suppose -23 = -3*q + z. List the prime factors of q.
2
Let t = 44 + -9. Let s = t - 18. List the prime factors of s.
17
Suppose -2*f - 6 = 0, 0*b = -b - 2*f - 3. Let v(i) = 17*i + 4. Let z be v(b). Suppose 0 = 3*t + 2*t - z. List the prime factors of t.
11
Suppose f = -0*f - 25. Let q = f - -49. List the prime factors of q.
2, 3
Let r(g) = g**3 + 7*g**2 - 6*g - 4. Let u be r(-8). Let w be (-2)/6 - u/15. List the prime factors of 5 + (w - (-1 - 1)).
2
Suppose k + 37 = 38. Suppose 3*w = 4*h - 9, 4*h - 5*h + 6 = -2*w. Suppose h = 5*x - k - 24. List the prime factors of x.
5
Let m be (-4)/(-5)*(0 - -25). Let o = 36 - m. List the prime factors of o.
2
Suppose 3*m - 4*m = -54. What are the prime factors of m?
2, 3
Let r(x) = 4*x - 6*x + 3*x - x**2 + 5*x. What are the prime factors of r(5)?
5
Let k(z) = 4*z**2 + 1. Let m be k(-1). Suppose n = -5*q + 7, -4*q + 4 = -m*n + 10. What are the prime factors of n?
2
What are the prime factors of (-15)/10 + 183/6?
29
Let r(t) = -3*t**3 - 3*t**2 + 4*t + 4. What are the prime factors of r(-4)?
2, 3, 11
Suppose 15*c - 4*c - 649 = 0. List the prime factors of c.
59
Suppose 0 = -n - 0*n + 3. Suppose -n*r + r + 10 = 0. List the prime factors of r.
5
Let i = 53 - -299. List the prime factors of i.
2, 11
Let g = 0 + 32. Let w = g + -20. List the prime factors of w.
2, 3
Suppose 4*n - 240 - 40 = 0. What are the prime factors of n?
2, 5, 7
List the prime factors of ((-20)/(-25))/((-3)/(-15)).
2
Let v(g) = -33*g**3 + 2*g**2 + g - 2. Let w be v(2). What are the prime factors of (-18)/(-117) + w/(-26)?
2, 5
Suppose 0 = 3*j - w + 4*w - 33, w = j - 11. List the prime factors of j.
11
Let k(g) = -g**3 + 8*g**2 + 5. Let u be k(8). Let x(i) = -i. Let m be x(u). List the prime factors of (-4)/(-10) + (-48)/m.
2, 5
Let c(b) = -b**2 - 7*b - 6. Let d be c(-5). Suppose 9*q - 25 = d*q. List the prime factors of q.
5
Suppose -4*w = -2*t - 3*t + 64, 3*t = -5*w + 68. What are the prime factors of (-2)/3 - t/(-6)?
2
Suppose 0 = -8*a + 2*a + 744. List the prime factors of a.
2, 31
Suppose 3*p - 2 = 2*p. Suppose u = -p*u + 9. What are the prime factors of u?
3
Let u be ((-1)/((-3)/(-24)))/(-1). Let z(c) = -c**2 + 11*c - 10. What are the prime factors of z(u)?
2, 7
Suppose -5*p + 169 = -16. List the prime factors of p.
37
Let f = -27 - -18. Let z(h) = 3 - h**2 - 9*h + 8 + 0. List the prime factors of z(f).
11
Suppose -11*b + 336 = -5*b. List the prime factors of b.
2, 7
Let z be (-44)/(-16) + (-4)/(-16). Suppose 0 + 18 = z*s. What are the prime factors of s?
2, 3
List the prime factors of (-2 + -1)/((-6)/20).
2, 5
Suppose 1 = 2*c - 3. Suppose c*p - 90 = -10. Suppose -p = g - 5*g. List the prime factors of g.
2, 5
Let m = -13 + 15. Suppose -m*i - 90 = -4*j, -i = j + j - 39. List the prime factors of j.
3, 7
Let c(g) be the third derivative of 1/3*g**3 + 5/24*g**4 - 2*g**2 + 0*g + 0. What are the prime factors of c(2)?
2, 3
Suppose 0 = 2*h + h + 18. Let n = h + 10. Suppose 4*x - n = 16. List the prime factors of x.
5
Suppose 8 = 5*p - 7. Let x = 0 + p. Suppose -2*y = 2*l + 2*l + 16, -x*y - 19 = 5*l. List the prime factors of y.
2
Suppose -2*w - m = -113, -w + 229 = 3*w + 5*m. Suppose w = -2*b + 4*b. What are the prime factors of b?
2, 7
Let d = -212 - -365. List the prime factors of d.
3, 17
Suppose 4*m = 5 + 3. Suppose m*f - 6 = 4. List the prime factors of f.
5
Let d(n) be the second derivative of n**6/48 - n**5/120 - n**4/12 - 3*n. Let t(o) be the third derivative of d(o). List the prime factors of t(1).
2, 7
Suppose 2*a - 20 = -4*y, -3*a + 5 = -5*y + 41. Suppose -2*q = -y, p + 2*q - 13 = -5. Suppose 23 - p = 3*u. What are the prime factors of u?
7
Suppose -5*p + 12 = -8. Let k(s) = 4*s - 6. List the prime factors of k(p).
2, 5
Suppose -4*x = 5*n - 91, -3*x + 6*n + 77 = n. Suppose 0*c - 3*c = -x. List the prime factors of c.
2
Suppose 4*j + 5*l = 296 + 330, 4*j - 612 = 2*l. List the prime factors of j.
2, 7, 11
Let z = 83 + -1. Suppose 2 = 2*b - z. List the prime factors of b.
2, 3, 7
Let m = 9 - -1. Suppose s - 30 = -4*k + k, -k + m = 2*s. List the prime factors of k/((1 + -2)/(-1)).
2, 5
Suppose -z + 15 = 8. Suppose 0 = -r - z*r + 136. List the prime factors of r.
17
Suppose 2*p - p = 40. Suppose -t + 5*d = -4*t + p, -4*d = -4*t + 32. Suppose 0 + t = 5*u, -i = -3*u + 4. List the prime factors of i.
2
Let z(h) = h**2 + 2*h - 8. Let g be z(-6). Let i = g - 12. What are the prime factors of i?
2
Let r(o) = -2*o**3 - 2*o*